 + 4 = 0. Let s(x) = -x - 2. Let t be s(g). Calculate the highest common divisor of 4 and t.
2
Suppose -y - 20 = -6*y. What is the greatest common divisor of 16 and y?
4
Let j = 37 + -63. Let g = j - -71. What is the highest common divisor of 5 and g?
5
Let f be ((-9)/4)/((-12)/32). Let u = -9 + f. Let n be -3 + 2 + (u - -42). Calculate the greatest common factor of n and 95.
19
Suppose 4*q = -q + 165. Let s = 279 - 276. Calculate the highest common factor of s and q.
3
Suppose 0*x - x = -1, 5*x = 3*n + 29. Let z be (n - 1)*(-2)/3. What is the greatest common divisor of 6 and z?
6
Suppose -2*x - 343 = -5*n, -x = n - 4*x - 66. What is the greatest common divisor of 23 and n?
23
Let a be 9/(9/3) - (-5 + 6). Calculate the highest common factor of 5 and a.
1
Suppose 4*b - 10 = -b. Let c = b - 0. Suppose 0 = c*t - 14 - 8. Calculate the greatest common factor of t and 1.
1
Suppose 2*v = -a + 1 + 8, 5*v = 15. Let l be (-1)/4 + (-257)/(-4). Let t = l - 31. What is the greatest common factor of a and t?
3
Let v be ((-10)/(-6))/(20/180). What is the greatest common factor of 3 and v?
3
Let t = 79 - 74. What is the highest common divisor of 40 and t?
5
Let a be 6/(5 - (-66)/(-15)). Calculate the highest common divisor of a and 25.
5
Let n = 27 - -8. Suppose -2*k + 4 = -10. Calculate the highest common factor of k and n.
7
Let q = -7 - -6. Let k be -2*(-2 - (-5)/q). Calculate the greatest common factor of k and 42.
14
Let b(x) = -x**3 + 2*x**2 + 3*x - 3. Suppose 2*r - 3*r = -2. Let d be b(r). Let u = 33 + 0. Calculate the greatest common divisor of u and d.
3
Let u(i) = -5*i**3 + 5*i**2 + 6*i - 10. Let b(g) = -g**3 - g. Let t(l) = 4*b(l) - u(l). Let r be t(7). Calculate the greatest common divisor of r and 95.
19
Let w = 59 + -41. Let j(n) = -n + 2. Suppose 0*f - 4*p = -4*f + 4, -5*p - 5 = 0. Let z be j(f). What is the highest common factor of w and z?
2
Let j(z) = z**2 + 3*z + 14. Let v be j(10). Calculate the highest common divisor of v and 18.
18
Suppose 36 = 3*t - 2*w, w = 5*t + 3*w - 60. What is the highest common factor of t and 8?
4
Let n = 18 + -28. Let k = -6 - n. Suppose -a + 2*a - 1 = 0. What is the greatest common divisor of k and a?
1
Let l = -45 - -162. Calculate the greatest common factor of 13 and l.
13
Let m be -1 - -102 - (-3 - -6). What is the highest common factor of m and 14?
14
Suppose 4*u - 2*u = 32. What is the greatest common divisor of u and 48?
16
Let z(w) = w + 6. Let r be z(-5). Let d be 5/r + 0 + 2. Let q = 29 + -15. Calculate the highest common divisor of d and q.
7
Let n(d) = 6*d + 4. Let f be n(4). Suppose -9*g = -11*g + 20. Let u be (-150)/(-22) - g/(-55). Calculate the highest common divisor of u and f.
7
Suppose -z - 118 = 3*d - 416, -502 = -5*d + z. Calculate the highest common factor of d and 40.
20
Let u(k) = k**2 - 9*k + 6. Let w(b) = 2*b**2 - 18*b + 13. Let a(t) = 7*u(t) - 3*w(t). Let x be a(10). What is the highest common divisor of x and 104?
13
Let a(u) = 8*u + 4*u + 3 + 8*u. Let c be a(3). Suppose -35 = -t - 4*t. What is the highest common factor of c and t?
7
Suppose 0*g = -3*g - 21. Let s(r) = -r**2 - 8*r + 7. Let u be s(g). What is the greatest common divisor of 28 and u?
14
Suppose -405 = -5*k - 5*t, -3*t = -6*t - 12. Calculate the greatest common factor of 17 and k.
17
Suppose -3*g + 33 = -3. Calculate the greatest common factor of 108 and g.
12
Suppose -8*i = -11*i + 48. Calculate the highest common divisor of i and 112.
16
Suppose 0 = z - 6*z + 30. Let o(r) = 2*r**2 - 8*r + 9. Let a be o(z). Calculate the greatest common divisor of a and 3.
3
Let v = 4 + 10. What is the highest common divisor of 84 and v?
14
Let u = -29 + 18. Let l = 2 - u. What is the highest common divisor of l and 104?
13
Let i(u) = -23*u - 9. Let f be i(-8). What is the greatest common divisor of f and 35?
35
Let p(x) = -2*x**2 + 2*x + 1. Let s be p(0). What is the greatest common factor of s and 1?
1
Let q(c) = c**2 + 3. Let v be q(-6). Let o = 15 - 2. Calculate the greatest common factor of o and v.
13
Let r(f) = -f**3 + 6*f**2 - f - 4. Let g be 2 - 1/2*-2. Let l be r(g). Calculate the highest common divisor of 40 and l.
20
Suppose 0 = -4*z + 2*z + 28. Let r(i) = -3*i - 5 - 17*i - 5. Let m be r(-4). Calculate the highest common factor of z and m.
14
Suppose -5*b - 78 - 52 = -5*f, -5*f - b + 130 = 0. Suppose 73 = -2*a + 203. Calculate the greatest common factor of f and a.
13
Let y be (-1 + 100)*(-1 + 2). Let m(u) = 2*u**2 + 2*u - 3. Let g be m(2). What is the greatest common factor of y and g?
9
Let q(z) = -z**3 - 2*z**2 + 2*z. Let h(c) = 2*c**3 - 1. Suppose 0 = 4*v + 5 - 1. Let n be h(v). Let x be q(n). Calculate the greatest common factor of 15 and x.
3
Suppose 183 = 4*a - 5*l, -3*a - l + 51 = -110. What is the highest common divisor of 52 and a?
52
Let f = 7 + 10. Suppose 23 = 2*k - 11. Calculate the greatest common divisor of k and f.
17
Let z(h) = -h**2 - 12*h - 1. Let n be z(-11). Calculate the highest common divisor of 10 and n.
10
Let o(g) = 3*g**2 - 6*g - 5. Let a be o(5). Let m be (-1)/(-4) + 31/4. Let x = m - 3. Calculate the highest common factor of x and a.
5
Let x(t) = 3*t**2 - 2*t - 6. Let i be x(3). Calculate the highest common divisor of 45 and i.
15
Let s = -5 - -8. Let i = s + 18. Suppose f - 336 = -f. What is the greatest common divisor of f and i?
21
Let o = -13 - -15. Suppose 3*s - o*i = 4, -4*s + 2*i = -2*i. Calculate the highest common factor of s and 44.
4
Let j(r) = 25*r - 12. Let l be j(2). What is the greatest common divisor of l and 19?
19
Let x(w) = -w**2 + 13. Let u be x(0). Calculate the highest common factor of 26 and u.
13
Suppose 12 = 10*b - 9*b. Calculate the highest common factor of 60 and b.
12
Let p be (-2)/(5 + -3 - 3). Suppose -6*y = -p*y - 3*c - 88, 0 = 2*y - 3*c - 38. Calculate the highest common factor of y and 5.
5
Let x be (-6)/(-9)*3/2. Suppose 2*c - 5 + x = 0. Suppose -5*h - c*z = -306, -3*z + 4*z = -h + 63. Calculate the highest common factor of h and 20.
20
Let z be 3/1 + -11 + -11. Let o = 32 + z. Calculate the greatest common factor of o and 13.
13
Let b be (18*-1)/3*-2. Calculate the greatest common factor of 132 and b.
12
Suppose 4*q + 4*n - 44 = 0, 3*q + 3*n = n + 28. Suppose 0 = 3*a - 3 - q. Suppose -a*t = -28 - 287. Calculate the greatest common divisor of 15 and t.
15
Let h = 27 + -7. What is the greatest common divisor of 5 and h?
5
Let f = -8 + 11. Suppose f*n + 20 = 4*n. Calculate the highest common factor of 50 and n.
10
Let i be (-5 - -8)*(-13)/(-1). Calculate the highest common factor of 273 and i.
39
Let o be 24/(0 + (-1)/(-4)). Suppose 0*h + o = 2*h. Suppose 0 = -8*l + 3*l + 30. Calculate the greatest common factor of l and h.
6
Let a(t) = -3*t - 41. Let g be a(-19). What is the highest common divisor of 2 and g?
2
Suppose 14*l - 20 = 13*l. Let h(f) = f**3 - 5*f**2 + 6*f. Let x be 2 - ((-3)/1 - -1). Let k be h(x). Calculate the highest common divisor of l and k.
4
Suppose 7 = -w + 14. Calculate the highest common divisor of 1 and w.
1
Let o be (4 - -2)*2/6. Suppose -6*i - 24 = -o*a - 2*i, 2*i = -a + 16. Let v be 120/21 + 4/a. Calculate the highest common divisor of 2 and v.
2
Let l be (-30)/(-25) - (-3)/(-15). Let f(r) = 12*r**2 + 2*r - 1. Let k be f(l). Calculate the highest common factor of k and 104.
13
Let y be (0 - 2) + (9 - 2). Let u be (-1 - -4) + 370/y. Let p(t) = t**3 - 2*t**2 + 2. Let n be p(3). Calculate the highest common factor of u and n.
11
Suppose -5*m + 4 = -3*m. Let b be 3/(m*3)*14. What is the highest common factor of b and 63?
7
Let t be (2*-5)/((-1)/7). Suppose 11 = -2*x - 4*n - 5, 13 = -x - 3*n. Let f be 0 + t + x + -2. What is the highest common factor of 10 and f?
10
Let r be (-1)/(3 - 176/58). Calculate the highest common divisor of 29 and r.
29
Let a be 280/7*(-5)/(-2). Suppose -q + a = 4*q. Calculate the highest common factor of q and 30.
10
Let t = -31 + 10. Let u = t + 31. Let h be (u - -1)*(3 + -2). Calculate the highest common divisor of h and 88.
11
Let z be 52*(3/2 + -1). What is the highest common divisor of 65 and z?
13
Suppose 2*t - 217 = -4*w + 5, -w - 2*t + 54 = 0. Suppose -274 = -2*q + w. Calculate the highest common divisor of q and 15.
15
Let g(f) = f**3 + 11*f**2 - 3*f + 11. Let p be g(-11). Suppose 15 = 2*o - 7. Calcula